{"id":878,"date":"2024-04-01T18:35:45","date_gmt":"2024-04-01T21:35:45","guid":{"rendered":"https:\/\/meganautica.com.br\/?post_type=product&#038;p=878"},"modified":"2024-04-01T18:37:19","modified_gmt":"2024-04-01T21:37:19","slug":"motor-yamaha-20hp-4t","status":"publish","type":"product","link":"https:\/\/meganautica.com.br\/?product=motor-yamaha-20hp-4t","title":{"rendered":"Motor Yamaha 20HP &#8211; 4T"},"content":{"rendered":"","protected":false},"excerpt":{"rendered":"<p>MUITO MAIS TEMPO COM O SEU MOTOR<\/p>\n<p>Motor de popa com 2 cilindros em linha, carburado, possui partida manual e manche. Possui duas op\u00e7\u00f5es de ajuste manual no \u00e2ngulo de inclina\u00e7\u00e3o,\u00a0<strong>possibilitando a navega\u00e7\u00e3o em \u00e1guas rasas<\/strong>. Possui\u00a0<strong>sistema de seguran\u00e7a de partida<\/strong>, bloqueando o movimento da embarca\u00e7\u00e3o com o motor engatado, evitando o deslocamento inesperado.<\/p>\n<p>NAVEGA\u00c7\u00c3O MAIS SUAVE<\/p>\n<p>O F20B possui um microcomputador (CDI \u2013 Carburador Prime Start) que garante uma navega\u00e7\u00e3o mais suave e excelente\u00a0<strong>economia de combust\u00edvel<\/strong>, mesmo em momentos que a acelera\u00e7\u00e3o r\u00e1pida \u00e9 realizada. Al\u00e9m disso, este modelo possui tratamento em inox nas pe\u00e7as fundamentais, protegendo o motor contra corros\u00e3o. Visando proporcionar uma navega\u00e7\u00e3o ainda mais confort\u00e1vel, foi inserido o Sistema de Labirinto no Cap\u00f4, que minimiza a possibilidade de entrada de \u00e1gua no tubo de admiss\u00e3o de ar,\u00a0<strong>reduzindo o ru\u00eddo emitido pelo motor de popa<\/strong>.<\/p>\n<p>ECOLOGICAMENTE CORRETO<\/p>\n<p>O\u00a0<strong>motor de popa F20<\/strong>\u00a0\u00e9\u00a0<strong>produzido no Brasil<\/strong>\u00a0com tecnologia japonesa.\u00a0<strong>Os motores 4 tempos<\/strong>\u00a0s\u00e3o mais econ\u00f4micos, mais dur\u00e1veis, apresentam menor n\u00edvel de ru\u00eddo e vibra\u00e7\u00e3o quando comparados aos motores 2 tempos,\u00a0<strong>al\u00e9m de polu\u00edrem menos<\/strong>.<\/p>\n","protected":false},"featured_media":879,"comment_status":"open","ping_status":"closed","template":"","meta":[],"product_cat":[33],"product_tag":[],"_links":{"self":[{"href":"https:\/\/meganautica.com.br\/index.php?rest_route=\/wp\/v2\/product\/878"}],"collection":[{"href":"https:\/\/meganautica.com.br\/index.php?rest_route=\/wp\/v2\/product"}],"about":[{"href":"https:\/\/meganautica.com.br\/index.php?rest_route=\/wp\/v2\/types\/product"}],"replies":[{"embeddable":true,"href":"https:\/\/meganautica.com.br\/index.php?rest_route=%2Fwp%2Fv2%2Fcomments&post=878"}],"wp:featuredmedia":[{"embeddable":true,"href":"https:\/\/meganautica.com.br\/index.php?rest_route=\/wp\/v2\/media\/879"}],"wp:attachment":[{"href":"https:\/\/meganautica.com.br\/index.php?rest_route=%2Fwp%2Fv2%2Fmedia&parent=878"}],"wp:term":[{"taxonomy":"product_cat","embeddable":true,"href":"https:\/\/meganautica.com.br\/index.php?rest_route=%2Fwp%2Fv2%2Fproduct_cat&post=878"},{"taxonomy":"product_tag","embeddable":true,"href":"https:\/\/meganautica.com.br\/index.php?rest_route=%2Fwp%2Fv2%2Fproduct_tag&post=878"}],"curies":[{"name":"wp","href":"https:\/\/api.w.org\/{rel}","templated":true}]}}